 the prime factors of 145666856.
2, 18208357
What are the prime factors of 308420199?
3, 59, 181, 3209
List the prime factors of 576101960.
2, 5, 7, 43, 59, 811
What are the prime factors of 1918028600?
2, 5, 997, 9619
List the prime factors of 3520825356.
2, 3, 293402113
What are the prime factors of 869626393?
29, 29987117
What are the prime factors of 175358888?
2, 4157, 5273
List the prime factors of 9632521.
9632521
What are the prime factors of 41088712?
2, 7, 751, 977
What are the prime factors of 416059229?
389, 1069561
What are the prime factors of 493102071?
3, 7, 11, 37, 19231
List the prime factors of 1907005166.
2, 11, 47, 1844299
What are the prime factors of 41138198?
2, 17, 1209947
List the prime factors of 284734608.
2, 3, 19, 312209
What are the prime factors of 897480660?
2, 3, 5, 17, 83, 10601
What are the prime factors of 205133323?
101, 2031023
List the prime factors of 86570048.
2, 1352657
List the prime factors of 541096516.
2, 19, 41, 173651
List the prime factors of 88810410.
2, 3, 5, 13, 227719
List the prime factors of 2881283723.
47, 307, 199687
List the prime factors of 28590143.
29, 985867
List the prime factors of 884963583.
3, 7, 4682347
What are the prime factors of 185747330?
2, 5, 18574733
What are the prime factors of 290888240?
2, 5, 3636103
List the prime factors of 207439786.
2, 31, 241, 13883
What are the prime factors of 521910512?
2, 32619407
What are the prime factors of 22962344?
2, 43, 66751
List the prime factors of 8769914356.
2, 7, 44744461
List the prime factors of 127370399.
13, 167, 4513
What are the prime factors of 97531136?
2, 331, 1151
What are the prime factors of 632005695?
3, 5, 37, 10259
List the prime factors of 2880130475.
5, 233, 494443
What are the prime factors of 48490283?
43, 53, 21277
List the prime factors of 3318803547.
3, 1106267849
What are the prime factors of 84025291?
7, 12003613
What are the prime factors of 22002983?
4583, 4801
What are the prime factors of 54600667?
11, 4963697
What are the prime factors of 88858157?
53, 1676569
What are the prime factors of 63222330?
2, 3, 5, 31, 157, 433
List the prime factors of 12769628.
2, 29, 110083
What are the prime factors of 78511535?
5, 23, 29683
List the prime factors of 40302544.
2, 853, 2953
List the prime factors of 63235977.
3, 7, 3011237
List the prime factors of 146719082.
2, 73359541
What are the prime factors of 107472096?
2, 3, 17, 271
What are the prime factors of 2045114972?
2, 719, 711097
List the prime factors of 9223640.
2, 5, 293, 787
List the prime factors of 5780324413.
137, 42192149
List the prime factors of 789779488.
2, 24680609
List the prime factors of 4067192849.
4067192849
List the prime factors of 66578151.
3, 22192717
List the prime factors of 801970352.
2, 461, 108727
List the prime factors of 352378398.
2, 3, 251, 233983
What are the prime factors of 3151234?
2, 1575617
List the prime factors of 3224653327.
7, 4649, 99089
List the prime factors of 3383053241.
769, 4399289
What are the prime factors of 811152044?
2, 202788011
List the prime factors of 38432125.
5, 131, 2347
What are the prime factors of 3375090670?
2, 5, 7, 3251, 14831
What are the prime factors of 2866865231?
107, 397, 67489
List the prime factors of 6379840988.
2, 17, 257, 365063
What are the prime factors of 36560501?
23, 31, 47, 1091
List the prime factors of 166150814.
2, 83075407
What are the prime factors of 444456262?
2, 17, 29, 450767
What are the prime factors of 1650576759?
3, 13, 19, 2227499
List the prime factors of 337633206.
2, 3, 56272201
What are the prime factors of 160527128?
2, 659, 30449
List the prime factors of 1937464021.
1937464021
List the prime factors of 1573539121.
7, 11, 20435573
What are the prime factors of 360226087?
13, 97, 285667
List the prime factors of 213437818.
2, 11, 9701719
List the prime factors of 6410426.
2, 11, 67, 4349
What are the prime factors of 7118792?
2, 197, 4517
List the prime factors of 332036422.
2, 166018211
List the prime factors of 1198671532.
2, 53, 269, 21019
List the prime factors of 609041603.
53, 2767, 4153
List the prime factors of 87879512.
2, 7, 29, 53, 1021
List the prime factors of 405231745.
5, 67, 1209647
What are the prime factors of 1178162218?
2, 21851, 26959
List the prime factors of 2311524424.
2, 11, 31, 107, 7919
What are the prime factors of 494434120?
2, 5, 17, 139, 5231
What are the prime factors of 2157939994?
2, 7, 23, 1483, 4519
What are the prime factors of 4111675?
5, 163, 1009
List the prime factors of 324055581.
3, 17, 491, 12941
What are the prime factors of 2869845798?
2, 3, 79, 6054527
What are the prime factors of 195502773?
3, 4057, 16063
List the prime factors of 29488418.
2, 19, 29, 26759
What are the prime factors of 1154062?
2, 7, 13, 17, 373
List the prime factors of 171690457.
171690457
List the prime factors of 1171975374.
2, 3, 4007, 16249
List the prime factors of 236984317.
29, 8171873
List the prime factors of 137542214.
2, 353, 194819
List the prime factors of 3111003264.
2, 3, 17, 31, 15373
What are the prime factors of 3719575311?
3, 1239858437
What are the prime factors of 76537047?
3, 31, 113, 7283
What are the prime factors of 605178320?
2, 5, 137, 55217
What are the prime factors of 32735151?
3, 79, 103, 149
What are the prime factors of 343126243?
343126243
What are the prime factors of 10250379?
3, 61, 18671
What are the prime factors of 2088112632?
2, 3, 31, 2806603
List the prime factors of 7690192794.
2, 3, 17, 1093, 22993
List the prime factors of 1252118705.
5, 250423741
List the prime factors of 33728664.
2, 3, 1405361
What are the prime factors of 45577601?
521, 87481
List the prime factors of 110370091.
13, 211, 40237
List the prime factors of 2692839691.
2692839691
List the prime factors of 789740543.
37, 21344339
List the prime factors of 104914658.
2, 52457329
List the prime factors of 34335358.
2, 17167679
What are the prime factors of 39395664?
2, 3, 7, 11, 17, 19
What are the prime factors of 760350664?
2, 19, 163, 30689
What are the prime factors of 52633825?
5, 1201, 1753
List the prime factors of 1165891760.
2, 5, 11, 73, 18149
What are the prime factors of 1033040178?
2, 3, 57391121
List the prime factors of 465385035.
3, 5, 1423, 21803
List the prime factors of 102236410.
2, 5, 10223641
What are the prime factors of 1053166158?
2, 3, 11, 1773007
What are the prime factors of 29738303?
7, 523, 8123
List the prime factors of 6194125103.
43, 1721, 83701
What are the prime factors of 8485465954?
2, 7, 606104711
What are the prime factors of 39385226?
2, 17, 1158389
List the prime factors of 991342945.
5, 198268589
What are the prime factors of 1488578850?
2, 3, 5, 11, 59, 1699
List the prime factors of 37740580.
2, 5, 1887029
List the prime factors of 1169150167.
29, 40315523
What are the prime factors of 264926743?
264926743
List the prime factors of 1898509610.
2, 5, 113, 727, 2311
List the prime factors of 366469084.
2, 1019, 89909
List the prime factors of 48488354.
2, 24244177
List the prime factors of 92555710.
2, 5, 13, 711967
What are the prime factors of 48086329?
251, 191579
List the prime factors of 624753005.
5, 127, 983863
List the prime factors of 220026017.
220026017
List the prime factors of 76349432.
2, 47, 203057
What are the prime factors of 295973674?
2, 147986837
List the prime factors of 791501899.
191, 607, 6827
What are the prime factors of 59793214?
2, 13, 176903
List the prime factors of 156559312.
2, 7, 13, 15361
What are the prime factors of 53419346?
2, 26709673
What are the prime factors of 4360053?
3, 97, 14983
What are the prime factors of 9765894?
2, 3, 1627649
What are the prime factors of 932088330?
2, 3, 5, 3452179
What are the prime factors of 55759397?
373, 149489
What are the prime factors of 6877075?
5, 275083
What are the prime factors of 499108627?
17, 307, 95633
What are the prime factors of 600403532?
2, 150100883
What are the prime factors of 32667448?
2, 11, 37, 79, 127
What are the prime factors of 59315367?
3, 23, 151, 5693
What are the prime factors of 676058?
2, 19, 17791
What are the prime factors of 64895538?
2, 3, 41, 263803
List the prime factors of 80793737.
619, 130523
What are the prime factors of 736004618?
2, 619, 594511
List the prime fac